11011111100 + 101?
1110001011011100000001
In base 13, what is 6 - -3280537?
3280540
In base 3, what is -111 - 2102011000100?
-2102011000211
In base 12, what is 11 - -79220?
79231
In base 14, what is -1044337 - -9?
-104432c
In base 2, what is 10110100000100001110011000 - 1000?
10110100000100001110010000
In base 14, what is 267c43 - -1d6?
268039
In base 14, what is -3d3a2 - 291?
-3d653
In base 5, what is 2034 + -104221330?
-104214241
In base 7, what is 21 - -523?
544
In base 4, what is -11330 - -32022233?
32010303
In base 12, what is 237 - 11b9?
-b82
In base 6, what is 1104 + 5223025?
5224133
In base 8, what is -1411003 - -1061?
-1407722
In base 8, what is 140013642 + -17?
140013623
In base 10, what is 3638101 - -16?
3638117
In base 7, what is -13 + -5252344?
-5252360
In base 16, what is -b1a - 7399?
-7eb3
In base 11, what is -3515a69 - -7?
-3515a62
In base 8, what is -1513 + -233655?
-235370
In base 5, what is -223301312 + 10?
-223301302
In base 7, what is 54034 + -3100?
50634
In base 15, what is 26c + -668?
-3eb
In base 4, what is 313202210 + -1012?
313201132
In base 4, what is 11 + -303121021001?
-303121020330
In base 7, what is 1445 + 356?
2134
In base 4, what is -13 - -10223323133?
10223323120
In base 8, what is -27232726 + -4?
-27232732
In base 2, what is -10 + -110011011001110?
-110011011010000
In base 6, what is -2110131415 + 5?
-2110131410
In base 2, what is -101010011111010111 - -1?
-101010011111010110
In base 14, what is -54 + -489839?
-48988d
In base 16, what is 72f + -10?
71f
In base 7, what is -26614244 + -52?
-26614326
In base 10, what is -435216 + 51?
-435165
In base 16, what is 3 + 2357347?
235734a
In base 2, what is 10010 + -1001111101111001110?
-1001111101110111100
In base 7, what is 15135065 + -10?
15135055
In base 11, what is -218789 + -1265?
-219a43
In base 14, what is -15ca9b6 - 5?
-15ca9bb
In base 15, what is c - -d0e23?
d0e30
In base 6, what is -13 - 10251201325?
-10251201342
In base 8, what is -1 + 1152550306?
1152550305
In base 16, what is -c8b22e5 + 0?
-c8b22e5
In base 12, what is 46a91a8a + 4?
46a91a92
In base 11, what is 21 - -279704?
279725
In base 4, what is 323 - 210232332120?
-210232331131
In base 6, what is 40402424022 + 2?
40402424024
In base 5, what is 10444020 + 4214?
11003234
In base 13, what is 3753b - -258?
37796
In base 13, what is -18862 - b7?
-18949
In base 11, what is 74 - 1957a?
-19506
In base 9, what is 87735 + 312?
88147
In base 9, what is -4 + -31270541?
-31270545
In base 12, what is 31b8 - 41b9?
-1001
In base 2, what is -110001011101010010010110 + 100110?
-110001011101010001110000
In base 14, what is -69b5ca - 3?
-69b5cd
In base 12, what is -63 + 594319?
594276
In base 14, what is ab3 + -7ad5?
-7022
In base 14, what is -306dadb - -7?
-306dad4
In base 2, what is 100000111001100110 + -1010011?
100000111000010011
In base 6, what is -5 + -44105244510?
-44105244515
In base 14, what is db0d3 + -6?
db0cb
In base 14, what is -67c - 44c8b?
-45529
In base 13, what is -3b2c81 + -11?
-3b2c92
In base 10, what is 12153221 + -46?
12153175
In base 4, what is 22003102333 + -11?
22003102322
In base 13, what is 0 - 36453c?
-36453c
In base 13, what is 1a - -2083ac?
2083c9
In base 5, what is 1024103124 + 32?
1024103211
In base 2, what is 101100110001101 + -101000000000111?
100110000110
In base 12, what is 4058a2 - 1?
4058a1
In base 2, what is 1100001101101111 + -100000100111011?
1000001000110100
In base 16, what is 121a5a8 + -a?
121a59e
In base 5, what is -40324112322 - -2?
-40324112320
In base 4, what is 200 - -12001021012?
12001021212
In base 12, what is 53282 + 1ab6?
55178
In base 3, what is -11 - -221202000220?
221202000202
In base 12, what is -1b - 521a201?
-521a220
In base 3, what is -1110 + -2202220021110?
-2202220022220
In base 4, what is -1311112 - -201223?
-1103223
In base 12, what is 39504a + 138?
395186
In base 6, what is 12512 - 4422113?
-4405201
In base 12, what is 32 + 10774a9?
107751b
In base 4, what is 202201 + 122020?
330221
In base 7, what is 566556 - -10?
566566
In base 5, what is 2101 + -132432?
-130331
In base 5, what is 21014330202 + 1?
21014330203
In base 16, what is -246b8 + -22?
-246da
In base 3, what is 10 + 12102120122011122?
12102120122011202
In base 10, what is 635071 - 23?
635048
In base 12, what is -4a33bb3 - 1?
-4a33bb4
In base 9, what is 28 - 222157?
-222128
In base 11, what is 4 + 59864499?
598644a2
In base 9, what is -14656 - -6075?
-7571
In base 11, what is -19321 - 177?
-19498
In base 14, what is -2ab7 - -1707a?
143a3
In base 5, what is -40043 + -203440?
-244033
In base 8, what is 551705 - 113?
551572
In base 13, what is -5 - acb4bb?
-acb4c3
In base 6, what is -3 + 4344301424?
4344301421
In base 6, what is -144354 + 44?
-144310
In base 10, what is -5 + -509098?
-509103
In base 2, what is 111000110111101100 - -11111?
111000111000001011
In base 4, what is -3321233222 - 331?
-3321300213
In base 2, what is 1010110101100100101 + 10010100?
1010110101110111001
In base 13, what is 7998bc6 - -3?
7998bc9
In base 4, what is 1102 + 10222220333?
10222222101
In base 16, what is -8c6 + 12f4c?
12686
In base 9, what is 1638 + 184261?
186010
In base 15, what is -12a - -2a36?
290b
In base 13, what is 7 + -2b3ab94?
-2b3ab8a
In base 10, what is -12 - 880532?
-880544
In base 6, what is 5 - -2553413211?
2553413220
In base 4, what is 22001 + 123110213?
123132220
In base 2, what is -10110001111011101000011 - -100100?
-10110001111011100011111
In base 7, what is 143532610 - 16?
143532561
In base 6, what is -1124433 + -21455?
-1150332
In base 10, what is -6244099 - 4?
-6244103
In base 16, what is 6b + 118b9?
11924
In base 11, what is -4 + -1a158518?
-1a158521
In base 16, what is 8 - 27b68?
-27b60
In base 14, what is b25341 + -4?
b2533b
In base 14, what is 118d3100 - -4?
118d3104
In base 12, what is 9 - a139687?
-a13967a
In base 4, what is -10112232313 - 12?
-10112232331
In base 15, what is a0b9e + -193?
a0a0b
In base 2, what is 10011011011000010000 + 1100?
10011011011000011100
In base 12, what is -a195 - 128?
-a301
In base 9, what is -7532 + 4735?
-2686
In base 11, what is 1 - -3083120?
3083121
In base 2, what is 11101010001101110000 + 10010000?
11101010010000000000
In base 6, what is 2145 + 1334250?
1340435
In base 13, what is 1 - -439bb3?
439bb4
In base 13, what is -bb5 + 160?
-a55
In base 4, what is 322 + -10201121333?
-10201121011
In base 13, what is 667738 - -2?
66773a
In base 2, what is -101 + -111010001100010000101001?
-111010001100010000101110
In base 10, what is -2 + 9265302?
9265300
In base 10, what is -80 + -161585?
-161665
In base 16, what is 2 + -493a0d0?
-493a0ce
In base 3, what is -11120202100 + -12101122?
-11210010222
In base 3, what is -22211211002 + 2000?
-22211202002
In base 11, what is -1783613 - 0?
-1783613
In base 11, what is 57a2 - 3901?
19a1
In base 13, what is -1b1732 + -93?
-1b17c5
In base 7, what is -3426366 + -64?
-3426463
In base 15, what is -2952ae + 0?
-2952ae
In base 12, what is -6558 + -13a44?
-1a3a0
In base 3, what is -100002222012121 - 12010?
-100002222101201
In base 12, what is -5 - 218890?
-218895
In base 3, what is 201121210 + -2011111212?
-1102220002
In base 13, what is 11 - 1466333?
-1466322
In base 16, what is 38dd + 4a?
3927
In base 5, what is 12241334012 + -12?
12241334000
In base 6, what is 231024013 - -10?
231024023
In base 5, what is -2231200322 - 3?
-2231200330
In base 2, what is -1001011001100110100100011 + 10?
-1001011001100110100100001
In base 13, what is 241 + -6b81a?
-6b5a9
In base 14, what is 1 + -39ada5b?
-39ada5a
In base 5, what is 212324000301 - 1?
212324000300
In base 12, what is -209b22 - 8?
-209b2a
In base 14, what is 157671c6d - 3?
157671c6a
In base 13, what is -66 - 13411cb?
-1341264
In base 9, what is -4107 - -280676?
275568
In base 4, what is -2 + 220030202032?
220030202030
In base 14, what is -10d - 3ab066?
-3ab175
In base 11, what is 21 - 1725a36?
-1725a15
In base 6, what is -1 + 101504304?
101504303
In base 8, what is -63153066 + -11?
-63153077
In base 5, what is -42322 + 2102244?
2004422
In base 10, what is -58890 + 5?
-58885
In base 8, what is 2455110104 - 4?
2455110100
In base 14, what is 349 + -d543b?
-d50d2
In base 6, what is 21421353 + -24?
21421325
In base 10, what is -1389798 - 4?
-1389802
In base 10, what is 533 + -102886?
-1023